ose 0 = n*u - 3, -116 = -3*d - 4*u - u. List the prime factors of d.
37
Suppose -13*m = 4 - 4. Suppose m*u - 3*u = -852. List the prime factors of u.
2, 71
Let g be ((-440)/35 + 6/(-14))/1. Let z(s) = s**2 + 4*s - 32. What are the prime factors of z(g)?
5, 17
Let s(g) = 3*g + 25. Let a be s(-15). Let u = a - -98. List the prime factors of u.
2, 3, 13
Suppose o = 2*o - 4*f - 340, 4*o - 5*f - 1338 = 0. List the prime factors of o.
2, 83
Suppose -8400 = -3*t - o, 3*t - 11360 = 5*o - 2942. What are the prime factors of t?
2801
Let x(v) = v**2 - 3*v + 180. List the prime factors of x(34).
2, 617
Let s = 652 - -135. List the prime factors of s.
787
Let c be -4 + (-7)/((-7)/8). Suppose 292 + 68 = -c*t. List the prime factors of 2/((-4)/t) - -4.
7
Suppose 3*u - 1236 = 2*c + 297, 0 = -3*u - 3*c + 1533. List the prime factors of u.
7, 73
Let x(y) = y**3 - 6*y**2 - y + 11. Let k be x(5). Let r = k - -71. List the prime factors of r.
2, 13
Suppose 23826 = 22*f + 11*f. List the prime factors of f.
2, 19
Let s(z) = -9*z - 12. Let w be s(-7). Let q = -30 + w. List the prime factors of q.
3, 7
Suppose 0 = -9*j + 6687 + 6381. List the prime factors of j.
2, 3, 11
Let o = -62 + 175. What are the prime factors of o?
113
Suppose 3*l = -3*r - 81, 165 = -5*l - 3*r + 4*r. Let k = -55 - l. Let q = k + 46. What are the prime factors of q?
23
Suppose 2*n = -2*n - 24. Let b = -12 - n. Let u(j) = -3*j + 1. List the prime factors of u(b).
19
Suppose -8*k + 5*k + 51 = 0. Let w = 27 - k. Let z = w + -5. What are the prime factors of z?
5
Let w = -22 - -11. Let y(n) = n**2 + 5*n + 10. List the prime factors of y(w).
2, 19
Suppose 3*u + 1213 + 612 = 2*v, -v = 2*u - 916. List the prime factors of v.
2, 457
Let s(t) = -45*t**2 - t + 1. Let v be s(1). Let b = v - -69. What are the prime factors of b/2 - 4/2?
2, 5
Suppose -52*g - 1640 = -54*g. List the prime factors of g.
2, 5, 41
Let j = -252 - -433. What are the prime factors of j?
181
Let i(r) = -r**2 + 4. Let y be i(-2). Suppose 0*s + 12 = s. Suppose -3*h + s = -2*m - 6, -3*m = y. What are the prime factors of h?
2, 3
Let j(h) = 57*h**2 - h - 2. Let b = 14 + -15. List the prime factors of j(b).
2, 7
What are the prime factors of ((-1233)/(-4))/(9/(-30))*-2?
3, 5, 137
What are the prime factors of 6/4*(-8)/(-12)*28?
2, 7
Suppose 93*v = -1264 + 3589. What are the prime factors of v?
5
List the prime factors of (21/(-28) - (-6)/8) + 23.
23
List the prime factors of 1128 - 3*25/15.
1123
Let r be (-2)/3 + (-2)/(-3). Suppose -16*l + 3*d + 34 = -11*l, 3*d = l - 14. Suppose -l*a + r*a + 150 = 0. List the prime factors of a.
2, 3, 5
Let b = -5 - -10. What are the prime factors of 152 - b/(15/(-6))?
2, 7, 11
Let o = 77 - -36. Suppose -3*w = -9, -2*a + 6*a - w = o. List the prime factors of a.
29
Suppose -5*s + 61104 = 52*s. What are the prime factors of s?
2, 67
Let c(v) = 2*v - 5. Let j(t) = t**3 + 7*t**2 - t - 3. Let i be j(-7). Let d be c(i). Suppose 16 = -d*u + 109. What are the prime factors of u?
31
Suppose -n - 1461 = -2*g - 429, -5*n + 1561 = 3*g. What are the prime factors of g?
11, 47
Let z be (-6 - -77)/((-2)/4 - -1). What are the prime factors of -4*(-2)/36 - z/(-9)?
2
Let b = -24 + 12. What are the prime factors of 2/4 - 174/b?
3, 5
Suppose 3*z = 2*k + 4, -4*k - 2*z + 2 = -6. Let v(d) = -2*d - 2. Let b be v(k). What are the prime factors of (8/(-3))/b*42?
2, 7
Let z(l) = 13*l - 33. Let v be ((-17)/5 + 4)*10. What are the prime factors of z(v)?
3, 5
Let w be (-43)/(-6) + (-5)/30. Let c = w + -20. Let l = 7 - c. List the prime factors of l.
2, 5
Suppose w = -2*w + 2046. Suppose 2*n = 5*r - w + 202, 0 = -r - 3*n + 79. What are the prime factors of r?
2, 47
Let k(j) = -j + 38*j**2 - 31*j**2 + 3 - 5 - 1. What are the prime factors of k(3)?
3, 19
Suppose 0 = 23*s + 12*s - 6300. List the prime factors of s.
2, 3, 5
Let h(a) = 4*a**2 - 2*a - 1. Let o be h(-1). List the prime factors of (-6)/8*(o - (-468)/(-4)).
2, 3, 7
List the prime factors of 375/2*110/33.
5
Let s(q) be the first derivative of -q**4/2 - 2*q**3 + 5*q**2/2 + 9*q - 17. What are the prime factors of s(-5)?
2, 3, 7
Let j = -19 - -19. Suppose j = -5*i + 38 + 347. Suppose -46 + 140 = 5*f + 3*m, -3*m + i = 4*f. What are the prime factors of f?
17
Let d(k) = 66*k + 128. List the prime factors of d(8).
2, 41
Let i(q) = 6*q + 5. Suppose 3*z = 4*w - 21, -4*z - 23 = -4*w - 3*z. Suppose -t = -4, w = 4*f + 4*t - 30. What are the prime factors of i(f)?
5, 7
Suppose 16 + 44 = 4*i. Let j = i + -15. Suppose f - 3*f + 54 = j. What are the prime factors of f?
3
Suppose -5610 = -4*n - 11*n. What are the prime factors of n?
2, 11, 17
List the prime factors of 12/56 + (-585825)/(-350).
2, 3, 31
Let n(l) = 15*l - 5. Let r be n(-4). Let w = 141 + r. List the prime factors of w.
2, 19
Suppose 5*a - 27 = 8*a. Let c = a - -25. Let n = c - 13. List the prime factors of n.
3
Let g = -21 - -13. Let w = g + 70. What are the prime factors of w?
2, 31
Suppose -45*p = -36*p - 4176. What are the prime factors of p?
2, 29
Suppose -25*v = -6*v - 21850. List the prime factors of v.
2, 5, 23
Suppose 5*a + 13 + 2 = -2*w, -2*a - 6 = 2*w. Suppose w = 6*u - 282 - 312. What are the prime factors of u?
3, 11
Let w(m) be the first derivative of -35*m**4/4 + 4. Let s be -1 + 0/(-5 + 3). What are the prime factors of w(s)?
5, 7
Let z = 2 - -10. Suppose 36 = z*f - 11*f. Let k = -23 + f. What are the prime factors of k?
13
Let h = 2789 + -1176. What are the prime factors of h?
1613
Let v = -134 - -134. List the prime factors of -3 - v - (3 - 47).
41
Let t(m) = 58*m**3 + 3*m**2 + 2*m - 5. What are the prime factors of t(2)?
5, 19
Suppose 2*w + 4*w = 90. Suppose 5*l - w = 2*l. Let s = l - -4. What are the prime factors of s?
3
Suppose 2*p = 9 + 9. Suppose -p*r + 223 = -8*r. List the prime factors of r.
223
Suppose 4*a - 12 = -8*n + 4*n, -2*a - 14 = -3*n. Suppose 166 = g - l, -6*g = -n*g - l - 329. What are the prime factors of g?
163
Suppose -2*l = m - 10, -2*m = -3*m - 2. Suppose -4*g = -l*g + 12. What are the prime factors of 3 + 7/(21/g)?
5
Let t(n) = 2*n. Let h(k) = -k - 2. Let d = -10 + 4. Let g be h(d). List the prime factors of t(g).
2
Let i(h) = -h - 4. Let y be i(-15). Let p = 51 - y. What are the prime factors of p?
2, 5
Let o(n) be the second derivative of n**5/10 - n**4/4 - n**3/3 - 3*n**2/2 + 23*n. List the prime factors of o(3).
2, 3
Suppose 0 = 40*l - 67988 + 7508. What are the prime factors of l?
2, 3, 7
Let d(p) = 14*p**2 - 3*p + 4. Let j be (4 - 3)*-1 + (2 - 4). List the prime factors of d(j).
139
Let m = -8 + 6. Let b be (m - 28/(-16))*-148. Suppose q + 8 - b = 0. What are the prime factors of q?
29
Let m = -17 + 19. Suppose m*z = -3*z + 85. List the prime factors of z.
17
Let d = -349 + 423. List the prime factors of d.
2, 37
Suppose -282 = -s + 4*p, 2*s - 7 - 551 = 2*p. Suppose -3*j = t - 480, 2*t = -5*j + s + 523. What are the prime factors of j?
3, 53
Let j(z) = -z**2 - 5*z + 6. Let c be j(-7). Let h = c + 22. List the prime factors of h.
2, 7
Suppose -3*i - 3 = z, 4*i - 9 = z + 2*z. What are the prime factors of 10 + (-1 - (-1 + z))?
13
Let o = 231 - -1031. List the prime factors of o.
2, 631
Suppose 2516 = -8*u + 11636. List the prime factors of u.
2, 3, 5, 19
Suppose -p + 19 = 3*o, -35 = -6*p + p - 3*o. Let y be -4 + 6 + p - 0. Suppose y*l - l = 80. List the prime factors of l.
2
Let z(b) = b**2 - b + 3. Let o be z(3). Suppose 5*t + 46 = 11. Let p = t + o. What are the prime factors of p?
2
Let x(p) = p**2 + 1. Let r be x(0). Let i be r*(10 - -1)*1. Let l = -7 + i. List the prime factors of l.
2
Let z(y) be the third derivative of y**5/12 + y**4/12 + 5*y**3/6 + y**2. Let o be z(4). Suppose 3*x - g - 77 = 2*x, 5*g = x - o. List the prime factors of x.
73
Suppose 3*a + 25 = -2*a, -5*r + 1370 = 5*a. List the prime factors of r.
3, 31
Suppose -17*c + 0*c = -41514. What are the prime factors of c?
2, 3, 11, 37
Let f = 75 - 112. Let w = f + 112. What are the prime factors of w?
3, 5
Suppose -24*v = -31*v + 5110. What are the prime factors of v?
2, 5, 73
Let x be 0 - (1 - -11)/(-3). Let v be 1*(-8 - 0) + x. What are the prime factors of 2 + 24/2 - v?
2, 3
Suppose -4*b + b - 3 = 0, 5*t = 3*b + 73. Let v = t + -12. Suppose v*m - 31 - 13 = 0. List the prime factors of m.
2, 11
Let z(k) = -2*k**